[INFO] fetching crate solana-storage-program 1.0.24...
[INFO] checking solana-storage-program-1.0.24 against master#cfbc6d4cf1acbac5c025acf8ed68929caa551df3 for pr-75494-beta
[INFO] extracting crate solana-storage-program 1.0.24 into /workspace/builds/worker-4/source
[INFO] validating manifest of crates.io crate solana-storage-program 1.0.24 on toolchain cfbc6d4cf1acbac5c025acf8ed68929caa551df3
[INFO] running `Command { std: "/workspace/cargo-home/bin/cargo" "+cfbc6d4cf1acbac5c025acf8ed68929caa551df3" "read-manifest" "--manifest-path" "Cargo.toml", kill_on_drop: false }`
[INFO] started tweaking crates.io crate solana-storage-program 1.0.24
[INFO] finished tweaking crates.io crate solana-storage-program 1.0.24
[INFO] tweaked toml for crates.io crate solana-storage-program 1.0.24 written to /workspace/builds/worker-4/source/Cargo.toml
[INFO] running `Command { std: "/workspace/cargo-home/bin/cargo" "+cfbc6d4cf1acbac5c025acf8ed68929caa551df3" "generate-lockfile" "--manifest-path" "Cargo.toml" "-Zno-index-update", kill_on_drop: false }`
[INFO] running `Command { std: "/workspace/cargo-home/bin/cargo" "+cfbc6d4cf1acbac5c025acf8ed68929caa551df3" "fetch" "--locked" "--manifest-path" "Cargo.toml", kill_on_drop: false }`
[INFO] running `Command { std: "docker" "create" "-v" "/var/lib/crater-agent-workspace/builds/worker-4/target:/opt/rustwide/target:rw,Z" "-v" "/var/lib/crater-agent-workspace/builds/worker-4/source:/opt/rustwide/workdir:ro,Z" "-v" "/var/lib/crater-agent-workspace/cargo-home:/opt/rustwide/cargo-home:ro,Z" "-v" "/var/lib/crater-agent-workspace/rustup-home:/opt/rustwide/rustup-home:ro,Z" "-e" "SOURCE_DIR=/opt/rustwide/workdir" "-e" "CARGO_TARGET_DIR=/opt/rustwide/target" "-e" "CARGO_HOME=/opt/rustwide/cargo-home" "-e" "RUSTUP_HOME=/opt/rustwide/rustup-home" "-w" "/opt/rustwide/workdir" "-m" "1610612736" "--user" "0:0" "--network" "none" "rustops/crates-build-env@sha256:a636fd89d022f18117e1dc8fb37a0a009933cdbbe082814857f0e2024962d47c" "/opt/rustwide/cargo-home/bin/cargo" "+cfbc6d4cf1acbac5c025acf8ed68929caa551df3" "metadata" "--no-deps" "--format-version=1", kill_on_drop: false }`
[INFO] [stdout] 1e43cce691573a073529231f9cd93517e103d9bff5d5f6805603d7180bcb68fa
[INFO] [stderr] WARNING: Your kernel does not support swap limit capabilities or the cgroup is not mounted. Memory limited without swap.
[INFO] running `Command { std: "docker" "start" "-a" "1e43cce691573a073529231f9cd93517e103d9bff5d5f6805603d7180bcb68fa", kill_on_drop: false }`
[INFO] running `Command { std: "docker" "inspect" "1e43cce691573a073529231f9cd93517e103d9bff5d5f6805603d7180bcb68fa", kill_on_drop: false }`
[INFO] running `Command { std: "docker" "rm" "-f" "1e43cce691573a073529231f9cd93517e103d9bff5d5f6805603d7180bcb68fa", kill_on_drop: false }`
[INFO] [stdout] 1e43cce691573a073529231f9cd93517e103d9bff5d5f6805603d7180bcb68fa
[INFO] running `Command { std: "docker" "create" "-v" "/var/lib/crater-agent-workspace/builds/worker-4/target:/opt/rustwide/target:rw,Z" "-v" "/var/lib/crater-agent-workspace/builds/worker-4/source:/opt/rustwide/workdir:ro,Z" "-v" "/var/lib/crater-agent-workspace/cargo-home:/opt/rustwide/cargo-home:ro,Z" "-v" "/var/lib/crater-agent-workspace/rustup-home:/opt/rustwide/rustup-home:ro,Z" "-e" "SOURCE_DIR=/opt/rustwide/workdir" "-e" "CARGO_TARGET_DIR=/opt/rustwide/target" "-e" "CARGO_INCREMENTAL=0" "-e" "RUST_BACKTRACE=full" "-e" "RUSTFLAGS=--cap-lints=forbid" "-e" "CARGO_HOME=/opt/rustwide/cargo-home" "-e" "RUSTUP_HOME=/opt/rustwide/rustup-home" "-w" "/opt/rustwide/workdir" "-m" "1610612736" "--user" "0:0" "--network" "none" "rustops/crates-build-env@sha256:a636fd89d022f18117e1dc8fb37a0a009933cdbbe082814857f0e2024962d47c" "/opt/rustwide/cargo-home/bin/cargo" "+cfbc6d4cf1acbac5c025acf8ed68929caa551df3" "check" "--frozen" "--all" "--all-targets" "--message-format=json", kill_on_drop: false }`
[INFO] [stdout] 095844b198725b844407c1d4bf62c376146b09604d6ac5ef7804a76e4dd9cd97
[INFO] [stderr] WARNING: Your kernel does not support swap limit capabilities or the cgroup is not mounted. Memory limited without swap.
[INFO] running `Command { std: "docker" "start" "-a" "095844b198725b844407c1d4bf62c376146b09604d6ac5ef7804a76e4dd9cd97", kill_on_drop: false }`
[INFO] [stderr]    Compiling libc v0.2.76
[INFO] [stderr]     Checking cfg-if v0.1.10
[INFO] [stderr]    Compiling proc-macro2 v1.0.19
[INFO] [stderr]    Compiling syn v1.0.39
[INFO] [stderr]    Compiling unicode-xid v0.2.1
[INFO] [stderr]     Checking spin v0.5.2
[INFO] [stderr]    Compiling log v0.4.11
[INFO] [stderr]     Checking slab v0.4.2
[INFO] [stderr]    Compiling semver-parser v0.7.0
[INFO] [stderr]    Compiling byteorder v1.3.4
[INFO] [stderr]    Compiling maybe-uninit v2.0.0
[INFO] [stderr]     Checking fnv v1.0.7
[INFO] [stderr]    Compiling memchr v2.3.3
[INFO] [stderr]    Compiling serde_derive v1.0.115
[INFO] [stderr]    Compiling serde v1.0.115
[INFO] [stderr]     Checking futures v0.1.29
[INFO] [stderr]    Compiling typenum v1.12.0
[INFO] [stderr]    Compiling version_check v0.9.2
[INFO] [stderr]     Checking scopeguard v1.1.0
[INFO] [stderr]     Checking either v1.6.0
[INFO] [stderr]     Checking bytes v0.5.6
[INFO] [stderr]     Checking futures-core v0.3.5
[INFO] [stderr]     Checking itoa v0.4.6
[INFO] [stderr]    Compiling pin-project-internal v0.4.23
[INFO] [stderr]     Checking untrusted v0.7.1
[INFO] [stderr]    Compiling proc-macro-nested v0.1.6
[INFO] [stderr]     Checking pin-project-lite v0.1.7
[INFO] [stderr]    Compiling getrandom v0.1.14
[INFO] [stderr]    Compiling proc-macro-hack v0.5.18
[INFO] [stderr]     Checking pin-utils v0.1.0
[INFO] [stderr]    Compiling httparse v1.3.4
[INFO] [stderr]     Checking tinyvec v0.3.4
[INFO] [stderr]     Checking futures-io v0.3.5
[INFO] [stderr]     Checking futures-sink v0.3.5
[INFO] [stderr]     Checking matches v0.1.8
[INFO] [stderr]    Compiling proc-macro2 v0.4.30
[INFO] [stderr]     Checking base64 v0.12.3
[INFO] [stderr]     Checking try-lock v0.2.3
[INFO] [stderr]    Compiling ryu v1.0.5
[INFO] [stderr]     Checking byte-tools v0.3.1
[INFO] [stderr]    Compiling encoding_rs v0.8.23
[INFO] [stderr]     Checking adler v0.2.3
[INFO] [stderr]     Checking unicode-xid v0.1.0
[INFO] [stderr]    Compiling serde_json v1.0.57
[INFO] [stderr]     Checking percent-encoding v2.1.0
[INFO] [stderr]     Checking gimli v0.22.0
[INFO] [stderr]    Compiling failure_derive v0.1.8
[INFO] [stderr]     Checking regex-syntax v0.6.18
[INFO] [stderr]     Checking tower-service v0.3.0
[INFO] [stderr]     Checking mime v0.3.16
[INFO] [stderr]     Checking object v0.20.0
[INFO] [stderr]     Checking quick-error v1.2.3
[INFO] [stderr]     Checking dtoa v0.4.6
[INFO] [stderr]     Checking subtle v1.0.0
[INFO] [stderr]    Compiling syn v0.15.44
[INFO] [stderr]     Checking signature v1.2.2
[INFO] [stderr]     Checking fake-simd v0.1.2
[INFO] [stderr]     Checking rustc-demangle v0.1.16
[INFO] [stderr]     Checking opaque-debug v0.2.3
[INFO] [stderr]    Compiling feature-probe v0.1.1
[INFO] [stderr]    Compiling rustversion v1.0.3
[INFO] [stderr]     Checking subtle v2.2.3
[INFO] [stderr]    Compiling winapi v0.3.9
[INFO] [stderr]     Checking ipnet v2.3.0
[INFO] [stderr]     Checking termcolor v1.1.0
[INFO] [stderr]    Compiling bs58 v0.3.1
[INFO] [stderr]     Checking assert_matches v1.3.0
[INFO] [stderr]     Checking hex v0.4.2
[INFO] [stderr]    Compiling crossbeam-utils v0.7.2
[INFO] [stderr]    Compiling memoffset v0.5.5
[INFO] [stderr]    Compiling hashbrown v0.8.2
[INFO] [stderr]    Compiling indexmap v1.5.1
[INFO] [stderr]    Compiling crossbeam-epoch v0.8.2
[INFO] [stderr]    Compiling num-traits v0.2.12
[INFO] [stderr]    Compiling num-integer v0.1.43
[INFO] [stderr]     Checking lazy_static v1.4.0
[INFO] [stderr]     Checking lock_api v0.3.4
[INFO] [stderr]    Compiling semver v0.9.0
[INFO] [stderr]     Checking itertools v0.9.0
[INFO] [stderr]     Checking futures-channel v0.3.5
[INFO] [stderr]     Checking unicode-bidi v0.3.4
[INFO] [stderr]     Checking block-padding v0.1.5
[INFO] [stderr]     Checking http v0.2.1
[INFO] [stderr]    Compiling unicase v2.6.0
[INFO] [stderr]    Compiling generic-array v0.14.4
[INFO] [stderr]     Checking miniz_oxide v0.4.0
[INFO] [stderr]     Checking unicode-normalization v0.1.13
[INFO] [stderr]     Checking humantime v1.3.0
[INFO] [stderr]    Compiling bv v0.11.1
[INFO] [stderr]     Checking tracing-core v0.1.14
[INFO] [stderr]     Checking thread_local v1.0.1
[INFO] [stderr]     Checking tokio-sync v0.1.8
[INFO] [stderr]    Compiling rustc_version v0.2.3
[INFO] [stderr]     Checking want v0.3.0
[INFO] [stderr]     Checking tracing v0.1.19
[INFO] [stderr]     Checking smallvec v0.6.13
[INFO] [stderr]     Checking aho-corasick v0.7.13
[INFO] [stderr]     Checking idna v0.2.0
[INFO] [stderr]     Checking quote v1.0.7
[INFO] [stderr]     Checking quote v0.6.13
[INFO] [stderr]    Compiling parking_lot_core v0.6.2
[INFO] [stderr]    Compiling parking_lot v0.9.0
[INFO] [stderr]    Compiling solana-sdk-macro-frozen-abi v1.3.4
[INFO] [stderr]    Compiling solana-sdk v1.3.4
[INFO] [stderr]     Checking tokio-executor v0.1.10
[INFO] [stderr]     Checking crossbeam-queue v0.2.3
[INFO] [stderr]     Checking generic-array v0.12.3
[INFO] [stderr]    Compiling mime_guess v2.0.3
[INFO] [stderr]     Checking url v2.1.1
[INFO] [stderr]     Checking tokio-current-thread v0.1.7
[INFO] [stderr]     Checking tokio-timer v0.2.13
[INFO] [stderr]     Checking http-body v0.3.1
[INFO] [stderr]     Checking iovec v0.1.4
[INFO] [stderr]     Checking num_cpus v1.13.0
[INFO] [stderr]     Checking net2 v0.2.34
[INFO] [stderr]     Checking time v0.1.43
[INFO] [stderr]     Checking socket2 v0.3.12
[INFO] [stderr]     Checking jobserver v0.1.21
[INFO] [stderr]     Checking atty v0.2.14
[INFO] [stderr]     Checking memmap v0.7.0
[INFO] [stderr]     Checking addr2line v0.13.0
[INFO] [stderr]     Checking crossbeam-deque v0.7.3
[INFO] [stderr]     Checking regex v1.3.9
[INFO] [stderr]     Checking digest v0.8.1
[INFO] [stderr]     Checking block-buffer v0.7.3
[INFO] [stderr]     Checking crypto-mac v0.7.0
[INFO] [stderr]     Checking bytes v0.4.12
[INFO] [stderr]     Checking mio v0.6.22
[INFO] [stderr]     Checking rand_core v0.5.1
[INFO] [stderr]     Checking cc v1.0.49
[INFO] [stderr]     Checking hmac v0.7.1
[INFO] [stderr]     Checking pbkdf2 v0.3.0
[INFO] [stderr]     Checking sha2 v0.8.2
[INFO] [stderr]     Checking tokio-threadpool v0.1.18
[INFO] [stderr]     Checking chrono v0.4.15
[INFO] [stderr]     Checking rand_chacha v0.2.2
[INFO] [stderr]     Checking rand v0.7.3
[INFO] [stderr]     Checking tokio-io v0.1.13
[INFO] [stderr]     Checking tokio v0.2.22
[INFO] [stderr]     Checking mio-uds v0.6.8
[INFO] [stderr]     Checking env_logger v0.7.1
[INFO] [stderr]     Checking tokio-reactor v0.1.12
[INFO] [stderr]     Checking tokio-codec v0.1.2
[INFO] [stderr]     Checking tokio-fs v0.1.7
[INFO] [stderr]    Compiling ring v0.16.12
[INFO] [stderr]     Checking solana-logger v1.3.4
[INFO] [stderr]     Checking tokio-uds v0.2.7
[INFO] [stderr]     Checking tokio-tcp v0.1.4
[INFO] [stderr]     Checking tokio-udp v0.1.6
[INFO] [stderr]     Checking tokio v0.1.22
[INFO] [stderr]     Checking tokio-util v0.3.1
[INFO] [stderr]     Checking webpki v0.21.2
[INFO] [stderr]     Checking sct v0.6.0
[INFO] [stderr]     Checking rustls v0.18.1
[INFO] [stderr]     Checking webpki-roots v0.19.0
[INFO] [stderr]    Compiling synstructure v0.12.4
[INFO] [stderr]     Checking tokio-rustls v0.14.0
[INFO] [stderr]    Compiling futures-macro v0.3.5
[INFO] [stderr]    Compiling zeroize_derive v1.0.0
[INFO] [stderr]    Compiling thiserror-impl v1.0.20
[INFO] [stderr]    Compiling num-derive v0.3.1
[INFO] [stderr]     Checking zeroize v1.1.0
[INFO] [stderr]    Compiling solana-sdk-macro v1.3.4
[INFO] [stderr]     Checking curve25519-dalek v2.1.0
[INFO] [stderr]     Checking thiserror v1.0.20
[INFO] [stderr]     Checking pin-project v0.4.23
[INFO] [stderr]     Checking futures-util v0.3.5
[INFO] [stderr]     Checking h2 v0.2.6
[INFO] [stderr]     Checking serde_urlencoded v0.6.1
[INFO] [stderr]     Checking backtrace v0.3.50
[INFO] [stderr]     Checking ed25519 v1.0.1
[INFO] [stderr]     Checking bincode v1.3.1
[INFO] [stderr]     Checking serde_bytes v0.11.5
[INFO] [stderr]     Checking hyper v0.13.7
[INFO] [stderr]     Checking ed25519-dalek v1.0.0-pre.4
[INFO] [stderr]     Checking failure v0.1.8
[INFO] [stderr]     Checking hyper-rustls v0.21.0
[INFO] [stderr]     Checking reqwest v0.10.7
[INFO] [stderr]     Checking solana-crate-features v1.3.4
[INFO] [stderr]     Checking solana-storage-program v1.0.24 (/opt/rustwide/workdir)
[INFO] [stdout] error[E0432]: unresolved import `solana_sdk::clock::DEFAULT_SLOTS_PER_SEGMENT`
[INFO] [stdout]    --> src/storage_processor.rs:117:9
[INFO] [stdout]     |
[INFO] [stdout] 117 |         clock::DEFAULT_SLOTS_PER_SEGMENT,
[INFO] [stdout]     |         ^^^^^^^-------------------------
[INFO] [stdout]     |         |      |
[INFO] [stdout]     |         |      help: a similar name exists in the module: `DEFAULT_SLOTS_PER_EPOCH`
[INFO] [stdout]     |         no `DEFAULT_SLOTS_PER_SEGMENT` in `clock`
[INFO] [stdout] 
[INFO] [stdout] 
[INFO] [stdout] error[E0609]: no field `segment` on type `solana_sdk::clock::Clock`
[INFO] [stdout]    --> src/storage_contract.rs:180:41
[INFO] [stdout]     |
[INFO] [stdout] 180 |             let current_segment = clock.segment;
[INFO] [stdout]     |                                         ^^^^^^^ unknown field
[INFO] [stdout]     |
[INFO] [stdout]     = note: available fields are: `slot`, `unused`, `epoch`, `leader_schedule_epoch`, `unix_timestamp`
[INFO] [stdout] 
[INFO] [stdout] 
[INFO] [stdout] error[E0609]: no field `segment` on type `solana_sdk::clock::Clock`
[INFO] [stdout]    --> src/storage_contract.rs:256:73
[INFO] [stdout]     |
[INFO] [stdout] 256 |             debug!("advertise new segment: {} orig: {}", segment, clock.segment);
[INFO] [stdout]     |                                                                         ^^^^^^^ unknown field
[INFO] [stdout]     |
[INFO] [stdout]     = note: available fields are: `slot`, `unused`, `epoch`, `leader_schedule_epoch`, `unix_timestamp`
[INFO] [stdout] 
[INFO] [stdout] 
[INFO] [stdout] error[E0609]: no field `segment` on type `solana_sdk::clock::Clock`
[INFO] [stdout]    --> src/storage_contract.rs:257:60
[INFO] [stdout]     |
[INFO] [stdout] 257 |             if segment < *state_segment || segment > clock.segment {
[INFO] [stdout]     |                                                            ^^^^^^^ unknown field
[INFO] [stdout]     |
[INFO] [stdout]     = note: available fields are: `slot`, `unused`, `epoch`, `leader_schedule_epoch`, `unix_timestamp`
[INFO] [stdout] 
[INFO] [stdout] 
[INFO] [stdout] error[E0609]: no field `storage_point_value` on type `solana_sdk::sysvar::rewards::Rewards`
[INFO] [stdout]    --> src/storage_contract.rs:387:47
[INFO] [stdout]     |
[INFO] [stdout] 387 |             check_redeemable(credits, rewards.storage_point_value, rewards_pool, owner)?;
[INFO] [stdout]     |                                               ^^^^^^^^^^^^^^^^^^^ unknown field
[INFO] [stdout]     |
[INFO] [stdout]     = note: available fields are: `validator_point_value`, `unused`
[INFO] [stdout] 
[INFO] [stdout] 
[INFO] [stdout] error[E0609]: no field `storage_point_value` on type `solana_sdk::sysvar::rewards::Rewards`
[INFO] [stdout]    --> src/storage_contract.rs:404:47
[INFO] [stdout]     |
[INFO] [stdout] 404 |             check_redeemable(credits, rewards.storage_point_value, rewards_pool, owner)?;
[INFO] [stdout]     |                                               ^^^^^^^^^^^^^^^^^^^ unknown field
[INFO] [stdout]     |
[INFO] [stdout]     = note: available fields are: `validator_point_value`, `unused`
[INFO] [stdout] 
[INFO] [stdout] 
[INFO] [stdout] error: aborting due to 5 previous errors
[INFO] [stdout] 
[INFO] [stdout] 
[INFO] [stdout] For more information about this error, try `rustc --explain E0609`.
[INFO] [stdout] 
[INFO] [stdout] error[E0609]: no field `segment` on type `solana_sdk::clock::Clock`
[INFO] [stdout]    --> src/storage_contract.rs:180:41
[INFO] [stdout]     |
[INFO] [stdout] 180 |             let current_segment = clock.segment;
[INFO] [stdout]     |                                         ^^^^^^^ unknown field
[INFO] [stdout]     |
[INFO] [stdout]     = note: available fields are: `slot`, `unused`, `epoch`, `leader_schedule_epoch`, `unix_timestamp`
[INFO] [stdout] 
[INFO] [stdout] 
[INFO] [stdout] error[E0609]: no field `segment` on type `solana_sdk::clock::Clock`
[INFO] [stdout]    --> src/storage_contract.rs:256:73
[INFO] [stdout]     |
[INFO] [stdout] 256 |             debug!("advertise new segment: {} orig: {}", segment, clock.segment);
[INFO] [stdout]     |                                                                         ^^^^^^^ unknown field
[INFO] [stdout]     |
[INFO] [stdout]     = note: available fields are: `slot`, `unused`, `epoch`, `leader_schedule_epoch`, `unix_timestamp`
[INFO] [stdout] 
[INFO] [stdout] 
[INFO] [stderr] error: could not compile `solana-storage-program`.
[INFO] [stdout] error[E0609]: no field `segment` on type `solana_sdk::clock::Clock`
[INFO] [stdout]    --> src/storage_contract.rs:257:60
[INFO] [stdout]     |
[INFO] [stdout] 257 |             if segment < *state_segment || segment > clock.segment {
[INFO] [stdout]     |                                                            ^^^^^^^ unknown field
[INFO] [stdout]     |
[INFO] [stdout]     = note: available fields are: `slot`, `unused`, `epoch`, `leader_schedule_epoch`, `unix_timestamp`
[INFO] [stdout] 
[INFO] [stdout] 
[INFO] [stderr] 
[INFO] [stderr] To learn more, run the command again with --verbose.
[INFO] [stderr] warning: build failed, waiting for other jobs to finish...
[INFO] [stdout] error[E0609]: no field `storage_point_value` on type `solana_sdk::sysvar::rewards::Rewards`
[INFO] [stdout]    --> src/storage_contract.rs:387:47
[INFO] [stdout]     |
[INFO] [stdout] 387 |             check_redeemable(credits, rewards.storage_point_value, rewards_pool, owner)?;
[INFO] [stdout]     |                                               ^^^^^^^^^^^^^^^^^^^ unknown field
[INFO] [stdout]     |
[INFO] [stdout]     = note: available fields are: `validator_point_value`, `unused`
[INFO] [stdout] 
[INFO] [stdout] 
[INFO] [stdout] error[E0609]: no field `storage_point_value` on type `solana_sdk::sysvar::rewards::Rewards`
[INFO] [stdout]    --> src/storage_contract.rs:404:47
[INFO] [stdout]     |
[INFO] [stdout] 404 |             check_redeemable(credits, rewards.storage_point_value, rewards_pool, owner)?;
[INFO] [stdout]     |                                               ^^^^^^^^^^^^^^^^^^^ unknown field
[INFO] [stdout]     |
[INFO] [stdout]     = note: available fields are: `validator_point_value`, `unused`
[INFO] [stdout] 
[INFO] [stdout] 
[INFO] [stdout] error[E0560]: struct `solana_sdk::clock::Clock` has no field named `segment`
[INFO] [stdout]    --> src/storage_processor.rs:177:17
[INFO] [stdout]     |
[INFO] [stdout] 177 |                 segment: 2,
[INFO] [stdout]     |                 ^^^^^^^ `solana_sdk::clock::Clock` does not have this field
[INFO] [stdout]     |
[INFO] [stdout]     = note: available fields are: `slot`, `unused`, `epoch`, `leader_schedule_epoch`, `unix_timestamp`
[INFO] [stdout] 
[INFO] [stdout] 
[INFO] [stdout] error[E0560]: struct `solana_sdk::clock::Clock` has no field named `segment`
[INFO] [stdout]    --> src/storage_processor.rs:229:17
[INFO] [stdout]     |
[INFO] [stdout] 229 |                 segment: 1,
[INFO] [stdout]     |                 ^^^^^^^ `solana_sdk::clock::Clock` does not have this field
[INFO] [stdout]     |
[INFO] [stdout]     = note: available fields are: `slot`, `unused`, `epoch`, `leader_schedule_epoch`, `unix_timestamp`
[INFO] [stdout] 
[INFO] [stdout] 
[INFO] [stdout] error[E0560]: struct `solana_sdk::clock::Clock` has no field named `segment`
[INFO] [stdout]    --> src/storage_processor.rs:288:17
[INFO] [stdout]     |
[INFO] [stdout] 288 |                 segment: 1,
[INFO] [stdout]     |                 ^^^^^^^ `solana_sdk::clock::Clock` does not have this field
[INFO] [stdout]     |
[INFO] [stdout]     = note: available fields are: `slot`, `unused`, `epoch`, `leader_schedule_epoch`, `unix_timestamp`
[INFO] [stdout] 
[INFO] [stdout] 
[INFO] [stdout] error: aborting due to 9 previous errors
[INFO] [stdout] 
[INFO] [stdout] 
[INFO] [stdout] Some errors have detailed explanations: E0432, E0560, E0609.
[INFO] [stdout] 
[INFO] [stdout] For more information about an error, try `rustc --explain E0432`.
[INFO] [stdout] 
[INFO] [stderr] error: build failed
[INFO] running `Command { std: "docker" "inspect" "095844b198725b844407c1d4bf62c376146b09604d6ac5ef7804a76e4dd9cd97", kill_on_drop: false }`
[INFO] running `Command { std: "docker" "rm" "-f" "095844b198725b844407c1d4bf62c376146b09604d6ac5ef7804a76e4dd9cd97", kill_on_drop: false }`
[INFO] [stdout] 095844b198725b844407c1d4bf62c376146b09604d6ac5ef7804a76e4dd9cd97
